10 + -1 + 5?
-1
Calculate -23 + (23 - 2) - (1 - 0).
-3
Calculate 5 + (6 - (2 + 10 - -4)).
-5
What is the value of 44 + -35 + -9 + 3?
3
(-9 - -9) + (5 - 4)
1
-1 + (-1 - -3 - 0) + -4
-3
Evaluate -4 - (-17 + 4 + 4).
5
Evaluate 39 + -46 + 9 + -1.
1
What is 1 + 7 + -5 + -2?
1
1 - (2 + -1 - 4) - 5
-1
What is the value of 6 + (-12 - -7) - (-6 - -5)?
2
Calculate 5 + -1 - (0 - (-11 + 2)).
-5
What is the value of -6 + 0 + 4 + (1 - 0)?
-1
-1 + 0 - (-6 + 5)
0
0 - (-35 - -31 - (-1 + 1))
4
What is -4 - (-7 - (-5 + (3 - 2)))?
-1
-5 + (8 - 8 - (-7 + -1))
3
-3 - -4 - ((0 - 4) + 1)
4
Calculate 8 + -5 - 5 - -5.
3
What is the value of 0 + (12 - 13 - -4)?
3
Evaluate 1 - ((1 - -4) + 0 + -2).
-2
What is the value of (-3 - (-4 - -6)) + (1 - 2)?
-6
-7 - (3 - 3 - (0 + 7))
0
Calculate -3 - (2 + -1 + 2 - 7).
1
-3 - (-1 - 14) - 6
6
Evaluate 1 - (-4 - (-3 + -5 + -1)).
-4
Calculate (-3 - -5) + 4 - 5.
1
-3 + 8 + (-7 - -14 - 3)
9
What is 2 - (1 + 2 + (4 - 5))?
0
Evaluate -4 - (-2 + 1 - 4).
1
What is the value of -1 + 0 - ((0 - -1) + 3)?
-5
Evaluate 2 + (2 - 3) - (2 - 1).
0
What is 0 + (6 + (-4 - 0) - 5)?
-3
What is (-6 - (-6 - (-2 + 0))) + -2?
-4
What is the value of (4 - (-5 - (-12 + 1))) + -4?
-6
What is the value of 3 - (-4 - (-1 - (3 + 1)))?
2
What is the value of 14 - 7 - (7 - 2 - 2)?
4
Calculate 9 - 7 - (2 + 0).
0
(1 - (8 - 3)) + (3 - -3)
2
What is -6 + (-5 - -21) + -7?
3
What is 2 + -12 + 8 + 1 + 3?
2
What is the value of 5 + -1 - ((-7 - 4) + 10)?
5
What is -5 + (18 - 5) - 4?
4
Evaluate (23 + -12 - 15) + (3 - 1).
-2
What is (3 - 3) + 0 + 7 + 0?
7
What is -82 + 78 - (-4 + 0)?
0
Evaluate -3 + 4 + (16 - 10).
7
What is the value of 4 + -2 - (2 + -2)?
2
Evaluate 2 + -5 + -7 - -5.
-5
What is -1 + 0 + 0 - -4?
3
Calculate 2 + -10 + (-1 - -6).
-3
Evaluate 25 - (-23 - -56) - (-7 + 1).
-2
Evaluate -1 + ((6 - 4) + -2 - -4).
3
What is the value of (9 - 9 - -8) + (0 - 3)?
5
(-13 + -4 - -7 - -7) + 0
-3
Evaluate (-4 + (-1 - -3) - -4) + -4.
-2
What is 0 - -2 - (-2 - -2)?
2
Calculate 23 + (-11 + -3 - 1).
8
What is (-8 - (7 - (6 + -4))) + 5?
-8
What is (-1 - -1) + -5 + 4?
-1
(1 - 1) + (-8 + -1 - -6)
-3
Evaluate (-1 - 0) + 2 + 1 + 0.
2
Evaluate 5 + (4 - (7 + 6)).
-4
What is -41 + 49 - (2 + -1)?
7
What is the value of (3 - (-4 - -5)) + -4 - -1?
-1
What is 1 + (-6 - -5) + -5 + 1?
-4
Calculate (2 - 0) + 0 - (-12 - -10).
4
(-1 - (0 - -2)) + -1
-4
What is the value of 5 - 0 - (-4 - -4 - -6)?
-1
-1 + (5 - (-4 - -12) - -3)
-1
(-7 - 2) + 6 + -5 + 2
-6
Evaluate (0 - 1) + (-2 - -8).
5
(-5 - -2) + (-5 - -5) + 1
-2
What is the value of 2 + 2 + -10 + 13?
7
What is 3 + 1 + (1 - (-3 - -13))?
-5
What is the value of 122 + -122 - (-2 + -6 + 1)?
7
What is the value of 2 + (-5 + 3 - (-2 - -3))?
-1
What is (61 - 56) + (-5 - -1)?
1
What is 6 + -12 + 0 + 7?
1
18 - 21 - (-3 + -3 + -1)
4
What is 4 + -11 + 1 + (11 - 0)?
5
Evaluate 10 - 0 - 7 - (-2 + 3).
2
Evaluate -1 + 5 + 0 + 0.
4
What is the value of 1 - 0 - ((-6 - -8) + 1)?
-2
Calculate (12 - 9 - 2) + 6 + -3.
4
5 + 5 + (3 - 17)
-4
Calculate 0 + (-2 - 0) - -5 - 0.
3
5 + -6 + -1 + 3
1
-45 - -47 - (1 - 0)
1
What is the value of 12 - (-3 + 1) - (70 - 64)?
8
What is the value of -2 - (11 + -10 + 3)?
-6
Evaluate 8 + -3 - (-1 - (-8 + 2)).
0
What is the value of 9 + -7 + 2 - 8?
-4
3 + (-2 - (-1 - -2))
0
Calculate -5 + (5 - 5) + 7.
2
What is 2 + (3 - -2 - (25 - 19))?
1
Calculate (5 - 5 - 4) + -1.
-5
What is the value of 0 + -4 - (-4 + -5 + 6)?
-1
What is (-6 + 2 - -8) + -12 + 0?
-8
Evaluate 3 + -24 + (-3 - -15).
-9
Evaluate 0 + 2 + -1 + (33 - 31).
3
What is -1 + 7 + -46 + 39?
-1
Calculate 0 - -1 - 2 - (-11 - -10).
0
Evaluate -4 + 1 + 3 + 0.
0
(-15 - -7) + 28 - 14
6
3 - (7 + 0 - 1)
-3
What is the value of -2 - (1 + 4 - (-4 - -6))?
-5
Calculate 14 + (12 - (26 - 11)).
11
Calculate -2 + 28 + -21 + 0 + -2.
3
(-1 + 3 - (9 - 12)) + -3
2
What is (12 - (-2 + 7)) + -2?
5
What is the value of -2 - (-7 + 5 + 0 + 6)?
-6
Calculate (12 - -1) + -5 - 4.
4
What is the value of -1 + (-4 - -1 - 0) + 5?
1
Evaluate 4 + 1 + (-4 - -4).
5
Calculate (-8 + 5 - 5) + 3.
-5
What is the value of (4 - 6) + 6 - 2?
2
Evaluate -4 - (5 - 10) - -1.
2
-4 + 3 + 4 + 1
4
What is 15 + (-8 - -2) + 1?
10
What is the value of 10 - (1 - -2) - 1 - 3?
3
What is (4 - (1 - 2)) + 10 + -11?
4
(2 - (-5 - -6)) + -2 + 4
3
What is -4 + 9 - (7 + -5)?
3
Evaluate (-2 - 5 - 2 - 2) + 5.
-6
What is -5 + 7 + (-5 - -3)?
0
2 + 0 - (-2 + -3 + 4)
3
-1 + -7 - (7 - 10)
-5
3 + (4 + 1 - (2 - -4))
2
What is (1 - -12) + (5 - 17)?
1
Evaluate -4 + (5 - (4 - -2)).
-5
Calculate (-2 - (-6 - -1)) + (0 - 2).
1
9 + -8 + (-3 - -6)
4
What is the value of -1 + 5 + -42 + 45?
7
What is 12 + -5 + -4 - -1?
4
Evaluate -1 - (-1 + (-2 - (-7 + 1))).
-4
-1 + -5 + 1 + (2 - -4)
1
Calculate -4 - -7 - (1 + (1 - -2)).
-1
Evaluate -4 + -1 + (2 - -3).
0
9 - (2 - (3 - 7))
3
What is -6 + 6 + (-1 - 3)?
-4
7 - (6 - -10) - -2
-7
Calculate 5 + -3 - (-7 - -12).
-3
What is the value of (-2 - -1 - -5) + (0 - 1)?
3
Evaluate -2 + 2 + (0 - -1).
1
Evaluate (8 + 1 - 0) + (-7 - 0).
2
(-5 + -5 - (2 - 4)) + 4
-4
Evaluate -3 + 2 - (-2 - -2).
-1
0 + 3 - (-12 - (-9 + -4))
2
Evaluate 5 + -3 + 4 - (10 + -7).
3
(-8 - -1 - (1 + -6)) + 1
-1
4 + (3 - -9) - 10
6
Evaluate 2 + -6 + 5 + 3 + -9.
-5
-1 + 2 - (3 + 1)
-3
What is -2 + 3 - (-1 + 0)?
2
What is 1 + 0 - (-1 + 4 + -3)?
1
Evaluate 4 - (4 - (3 + 3)) - 2.
4
What is -43 + 38 + 1 + -4?
-8
Calculate -5 - (3 + 0 + 3 + -7).
-4
What is 2 - (2 - (-12 - -10))?
-2
Evaluate -11 - -8 - 1 - 2.
-6
What is (-5 - (3 + -6)) + -1 + -2?
-5
What is the value of 3 + -6 + (-3 - -6)?
0
Calculate -16 - (1 - 8) - -8.
-1
Calculate (32 - 16) + -18 + 6 + -1.
3
What is (6 - (-2 + (-1 - -9))) + 4?
4
Evaluate (-10 - -5 - -5) + -2 + 2.
0
Evaluate 27 - 27 - (0 + -2).
2
What is (-16 - -16) + (3 - -1) + -2?
2
(-8 - 1) + (-74 - -89)
6
Evaluate 6 + -7 + -5 - 0.
-6
Evaluate 3 + (1 + (3 - 3) - 3).
1
What is the value of (-7 - -5) + 4 + 0?
2
7 + (-6 - (-12 - -7)) + -3
3
What is 1 + 7 + -5 + (-4 - -6)?
5
What is the value of (6 - 8) + -1 - -4?
1
What is 8 + -3 + -3 + -2?
0
What is (-9 - -4) + (3 - -11)?
9
Evaluate 3 + (-4 - (-6 + 2 + -1)).
4
0 - -5 - 7 - (5 + -12)
5
Calculate -26 + 14 - (-2 - (-3 + 8)).
-5
What is (-9 - (-4 - 4)) + 2 + 1?
2
Calculate -4 + 6 + 0 + -2.
0
What is -3 - -2 - (3 - (2 + 0))?
-2
What is the value of 3 + ((-8 - -3) + 2 - -2)?
2
Evaluate (11 - 16 - (2 - 10)) + -3.
0
(-7 - -11) + (-2 - -3)
5
What is 2 - (-5 - (5 - 11) - 0)?
1
What is the value of 1 + 4 + (2 - (4 + 0))?
3
What is -1 - (-9 - (-5 - 1 - -1))?
3
What is -1 + 4 - (13 + -11)?
1
Calculate -11 - (-9 + -7 + 9).
-4
Calculate (-4 - 5) + 4 + 2 - -7.
4
What is 6 + 0 + (11 - (7 + 8))?
2
Calculate 3 + 4 + -1 + -3.
3
Calculate (-6 - (-2 + 2)) + 21 + -8.
7
What is the value of (-2 + -1 - -7) + -2 + 0?
2
What is the value of -1 - (-2 + (-1 - 3))?
5
Calculate 6 + (5 - -2 - 13).
0
Calculate -3 + (6 + -5 - -1).
-1
3 + 3 + -1 + 2 + -3
4
What is -2 + 7 - (9 + 1) - -3?
-2
What is the value of (-1 - (3 + -6)) + -2?
0
Calculate -1 + (-5 - (-5 + -3 + 4)).
-2
(-2 + 0 - -2) + (9 - 8)
1
-1 - ((1 - 0) + (4 - 4))
-2
(7 - 16) + 8 + (-1 - -1)
-1
Evaluate -11 - (8 - (15 + 5)).
1
-1 - (3 - (6 - (-2 + 7)))
-3
(-5 - -7 - -1) + (-4 - -2)
1
Calculate -4 + (8 - 0 - (-1 + 1)).
4
-9 + 6 + 1 + -3
-5
What is the value of 2 - (2 - 0) - 3?
-3
Calculate 0 + 0 - (-4 + 5).
-1
What is 0 + -4 - (1 + -1)?
-4
Evaluate -6 + -12 - -10 - 0.
-8
16 + -11 - (1 - (-3 - -1))
2
What is (-1 - -1 - 3) + 8?
5
6 - (6 + (-7 - (-6 - 0)))
1
(-2 - -1) + (-7 - (-14 + 5))
1
Calculate (0 - 5) + (31 - 32).
-6
Calculate (5 - 21) + 16 + 1 + 0.
1
Evaluate -7 + (1 - (4 - 8)).
-2
Calculate (1 - 9) + (-96 - -104).
0
What is the value of -1 - -1 - 0 - (-21 - -26)?
-5
What is the value of 9 - ((-3 - -7) + 3)?
2
Evaluate 82 + -79 + (0 - -4).
7
What is 5 + (-6 - (-2 + (-4 - -5)))?
0
6 + -5 + 8 - 15
-6
Calculate 2 + (7 - 10) + 1 + 1.
1
What is the value of (1 - 2) + (3 - -1) - 0?
3
Calculate (9 - 5) + (0 - 3).
1
25 - 21 - (0 - 0)
4
Evaluate 4 + -3 - (-2 - 4 - -5).
2
What is -5 + (-7 - -10 - 0)?
-2
Calculate -3 + (1 + -7 - -11).
2
-5 - (9 - 15) - (-3 + -1)
5
Evaluate -4 - -3 - (-2 - -4).
-3
Calculate (19 - 20) + -3 + -1 + 4.
-1
What is the value of -4 + 13 - (-2 - (-3 - 3))?
5
6 - 8 - 14 - -9
-7
Calculate -3 - (-1 + 0) - (15 - 21).
4
Evaluate (4 - (5 - -3)) + 4.
0
What is t